{"id":82,"date":"2023-02-07T14:49:48","date_gmt":"2023-02-07T14:49:48","guid":{"rendered":"https:\/\/allergoped.net\/?page_id=82"},"modified":"2023-02-22T03:33:55","modified_gmt":"2023-02-22T03:33:55","slug":"pediatria","status":"publish","type":"page","link":"https:\/\/allergoped.net\/index.php\/pediatria\/","title":{"rendered":"Pediatr\u00eda"},"content":{"rendered":"\n<div class=\"is-layout-flex wp-container-6 wp-block-columns alignfull\">\n<div class=\"is-layout-flow wp-block-column\" style=\"flex-basis:100%\">\n<div class=\"has-global-padding is-layout-constrained wp-block-group\">\n<div class=\"is-layout-flex wp-container-3 wp-block-columns alignfull\">\n<div class=\"is-layout-flow wp-block-column\" style=\"flex-basis:33.33%\">\n<figure class=\"wp-block-image aligncenter size-full is-resized\"><img decoding=\"async\" loading=\"lazy\" src=\"https:\/\/allergoped.net\/wp-content\/uploads\/2023\/02\/pediatria.jpg\" alt=\"\" class=\"wp-image-83\" width=\"449\" height=\"253\" srcset=\"https:\/\/allergoped.net\/wp-content\/uploads\/2023\/02\/pediatria.jpg 751w, https:\/\/allergoped.net\/wp-content\/uploads\/2023\/02\/pediatria-300x169.jpg 300w\" sizes=\"(max-width: 449px) 100vw, 449px\" \/><\/figure>\n<\/div>\n\n\n\n<div class=\"is-layout-flow wp-block-column\" style=\"flex-basis:66.66%\">\n<p class=\"has-text-align-left\" style=\"line-height: 1.5; text-align: justify;\">Yo creo que no cabe en una sola explicaci\u00f3n lo que es ser PEDIATRA, pero espero que en pocas palabras pueda describir lo que siento al acompa\u00f1arlos en los momentos felices, dif\u00edciles y tristes de esta gran y hermosa tareas de criar a nuestros hijos y hacerlos hombres y\/o mujeres de bien principalmente sanos y fuertes hasta que dejemos de verlos como especialista en pediatr\u00eda porque nuestros ni\u00f1os se convierten en ADULTOS.<\/p>\n<p>No creo que hubiera escogido otra especialidad tan apegada a la vida familiar en la cual se comparte con Uds., momentos agradables y se sufre igualmente de las emociones m\u00e1s profundas que un ser pueda sentir que es ver enfermarse a nuestros hijos\u2026. por lo que uno se compromete en brindar la mano de un amigo \u2013 profesional el resto de su vida.<\/p>\n<p>Mi sue\u00f1o fue tener un lugar donde poder ofrecer pediatr\u00eda de primer contacto y alto nivel en un estado tan agradable como Cuernavaca-Morelos, este sitio se hizo realidad hace 20 a\u00f1os y seguimos adelante para que sea cada vez mejor para Uds. y sus familias.<\/p>\n<p>Dr. Augusto Monge Ciudad<\/p>\n<\/div>\n<\/div>\n<\/div>\n<\/div>\n<\/div>\n","protected":false},"excerpt":{"rendered":"<p>Yo creo que no cabe en una sola explicaci\u00f3n lo que es ser PEDIATRA, pero espero que en pocas palabras pueda describir lo que siento al acompa\u00f1arlos en los momentos felices, dif\u00edciles y tristes de esta gran y hermosa tareas de criar a nuestros hijos y hacerlos hombres y\/o mujeres de bien principalmente sanos y [&hellip;]<\/p>\n","protected":false},"author":1,"featured_media":0,"parent":0,"menu_order":0,"comment_status":"closed","ping_status":"closed","template":"","meta":{"ngg_post_thumbnail":0},"_links":{"self":[{"href":"https:\/\/allergoped.net\/index.php\/wp-json\/wp\/v2\/pages\/82"}],"collection":[{"href":"https:\/\/allergoped.net\/index.php\/wp-json\/wp\/v2\/pages"}],"about":[{"href":"https:\/\/allergoped.net\/index.php\/wp-json\/wp\/v2\/types\/page"}],"author":[{"embeddable":true,"href":"https:\/\/allergoped.net\/index.php\/wp-json\/wp\/v2\/users\/1"}],"replies":[{"embeddable":true,"href":"https:\/\/allergoped.net\/index.php\/wp-json\/wp\/v2\/comments?post=82"}],"version-history":[{"count":9,"href":"https:\/\/allergoped.net\/index.php\/wp-json\/wp\/v2\/pages\/82\/revisions"}],"predecessor-version":[{"id":217,"href":"https:\/\/allergoped.net\/index.php\/wp-json\/wp\/v2\/pages\/82\/revisions\/217"}],"wp:attachment":[{"href":"https:\/\/allergoped.net\/index.php\/wp-json\/wp\/v2\/media?parent=82"}],"curies":[{"name":"wp","href":"https:\/\/api.w.org\/{rel}","templated":true}]}}