{"id":140,"date":"2023-02-14T16:12:18","date_gmt":"2023-02-14T16:12:18","guid":{"rendered":"https:\/\/allergoped.net\/?page_id=140"},"modified":"2023-02-22T03:39:51","modified_gmt":"2023-02-22T03:39:51","slug":"alergologo-e-inmunologo","status":"publish","type":"page","link":"https:\/\/allergoped.net\/index.php\/alergologo-e-inmunologo\/","title":{"rendered":"Alerg\u00f3logo e Inmun\u00f3logo"},"content":{"rendered":"\n<div class=\"wp-block-media-text alignwide is-stacked-on-mobile\" style=\"grid-template-columns:40% auto\"><figure class=\"wp-block-media-text__media\"><img decoding=\"async\" loading=\"lazy\" width=\"900\" height=\"600\" src=\"https:\/\/allergoped.net\/wp-content\/uploads\/2023\/02\/asma.jpg\" alt=\"\" class=\"wp-image-141 size-full\" srcset=\"https:\/\/allergoped.net\/wp-content\/uploads\/2023\/02\/asma.jpg 900w, https:\/\/allergoped.net\/wp-content\/uploads\/2023\/02\/asma-300x200.jpg 300w, https:\/\/allergoped.net\/wp-content\/uploads\/2023\/02\/asma-768x512.jpg 768w\" sizes=\"(max-width: 900px) 100vw, 900px\" \/><\/figure><div class=\"wp-block-media-text__content\">\n<p>Me da mucha satisfacci\u00f3n haber realizado mi tercera especialidad pedi\u00e1trica en Alergia, Asma e Inmunolog\u00eda, porque abri\u00f3 en mi pr\u00e1ctica cl\u00ednica diaria y mi labor en sala de urgencias una gama de conocimientos que complementaron mi an\u00e1lisis pedi\u00e1trico.<\/p>\n<\/div><\/div>\n\n\n\n<div class=\"wp-block-media-text alignwide has-media-on-the-right is-stacked-on-mobile\" style=\"grid-template-columns:auto 35%\"><div class=\"wp-block-media-text__content\">\n<p>Realmente es muy gratificante devolverla al paciente Asm\u00e1tico y los que padecen de crisis de tos o falta de aire, tos al correr, ni\u00f1os con infecciones de repetici\u00f3n, uso frecuente de antibi\u00f3ticos, obstrucci\u00f3n nasal cr\u00f3nica y problemas dermatol\u00f3gicos constantes y repetitivos, etc, etc\u2026. La oportunidad de mejorar radicalmente su calidad de vida de ellos y a sus padres<\/p>\n<\/div><figure class=\"wp-block-media-text__media\"><img decoding=\"async\" loading=\"lazy\" width=\"760\" height=\"570\" src=\"https:\/\/allergoped.net\/wp-content\/uploads\/2023\/02\/familia_0.jpg\" alt=\"\" class=\"wp-image-142 size-full\" srcset=\"https:\/\/allergoped.net\/wp-content\/uploads\/2023\/02\/familia_0.jpg 760w, https:\/\/allergoped.net\/wp-content\/uploads\/2023\/02\/familia_0-300x225.jpg 300w\" sizes=\"(max-width: 760px) 100vw, 760px\" \/><\/figure><\/div>\n","protected":false},"excerpt":{"rendered":"<p>Me da mucha satisfacci\u00f3n haber realizado mi tercera especialidad pedi\u00e1trica en Alergia, Asma e Inmunolog\u00eda, porque abri\u00f3 en mi pr\u00e1ctica cl\u00ednica diaria y mi labor en sala de urgencias una gama de conocimientos que complementaron mi an\u00e1lisis pedi\u00e1trico. Realmente es muy gratificante devolverla al paciente Asm\u00e1tico y los que padecen de crisis de tos o [&hellip;]<\/p>\n","protected":false},"author":1,"featured_media":0,"parent":0,"menu_order":0,"comment_status":"closed","ping_status":"closed","template":"","meta":{"ngg_post_thumbnail":0},"_links":{"self":[{"href":"https:\/\/allergoped.net\/index.php\/wp-json\/wp\/v2\/pages\/140"}],"collection":[{"href":"https:\/\/allergoped.net\/index.php\/wp-json\/wp\/v2\/pages"}],"about":[{"href":"https:\/\/allergoped.net\/index.php\/wp-json\/wp\/v2\/types\/page"}],"author":[{"embeddable":true,"href":"https:\/\/allergoped.net\/index.php\/wp-json\/wp\/v2\/users\/1"}],"replies":[{"embeddable":true,"href":"https:\/\/allergoped.net\/index.php\/wp-json\/wp\/v2\/comments?post=140"}],"version-history":[{"count":3,"href":"https:\/\/allergoped.net\/index.php\/wp-json\/wp\/v2\/pages\/140\/revisions"}],"predecessor-version":[{"id":224,"href":"https:\/\/allergoped.net\/index.php\/wp-json\/wp\/v2\/pages\/140\/revisions\/224"}],"wp:attachment":[{"href":"https:\/\/allergoped.net\/index.php\/wp-json\/wp\/v2\/media?parent=140"}],"curies":[{"name":"wp","href":"https:\/\/api.w.org\/{rel}","templated":true}]}}